{"id":417,"date":"2025-09-12T15:22:15","date_gmt":"2025-09-12T06:22:15","guid":{"rendered":"https:\/\/kobeyoshi.com\/?page_id=417"},"modified":"2025-09-12T16:05:49","modified_gmt":"2025-09-12T07:05:49","slug":"thong-diep-chu-tich","status":"publish","type":"page","link":"https:\/\/kobeyoshi.com\/?page_id=417&lang=vi","title":{"rendered":"Th\u00f4ng \u0111i\u1ec7p ch\u1ee7 t\u1ecbch"},"content":{"rendered":"\t\t<div data-elementor-type=\"wp-page\" data-elementor-id=\"417\" class=\"elementor elementor-417\">\n\t\t\t\t<div class=\"elementor-element elementor-element-3e07127 e-flex e-con-boxed e-con e-parent\" data-id=\"3e07127\" data-element_type=\"container\">\n\t\t\t\t\t<div class=\"e-con-inner\">\n\t\t\t\t<div class=\"elementor-element elementor-element-ad16068 elementor-widget elementor-widget-heading\" data-id=\"ad16068\" data-element_type=\"widget\" data-widget_type=\"heading.default\">\n\t\t\t\t\t<h1 class=\"elementor-heading-title elementor-size-default\">Th\u00f4ng \u0111i\u1ec7p ch\u1ee7 t\u1ecbch<\/h1>\t\t\t\t<\/div>\n\t\t\t\t\t<\/div>\n\t\t\t\t<\/div>\n\t\t<div class=\"elementor-element elementor-element-4556e93 e-con-full e-flex e-con e-parent\" data-id=\"4556e93\" data-element_type=\"container\">\n\t\t\t\t<div class=\"elementor-element elementor-element-3d956d0 elementor-widget elementor-widget-image\" data-id=\"3d956d0\" data-element_type=\"widget\" data-widget_type=\"image.default\">\n\t\t\t\t\t\t\t\t\t\t\t\t\t\t\t<img fetchpriority=\"high\" decoding=\"async\" width=\"1000\" height=\"704\" src=\"https:\/\/kobeyoshi.com\/wp-content\/uploads\/2025\/09\/TOP20250226_008-1000x704-1.jpg\" class=\"attachment-large size-large wp-image-227\" alt=\"\" srcset=\"https:\/\/kobeyoshi.com\/wp-content\/uploads\/2025\/09\/TOP20250226_008-1000x704-1.jpg 1000w, https:\/\/kobeyoshi.com\/wp-content\/uploads\/2025\/09\/TOP20250226_008-1000x704-1-300x211.jpg 300w, https:\/\/kobeyoshi.com\/wp-content\/uploads\/2025\/09\/TOP20250226_008-1000x704-1-768x541.jpg 768w\" sizes=\"100vw\" \/>\t\t\t\t\t\t\t\t\t\t\t\t\t\t\t<\/div>\n\t\t\t\t<\/div>\n\t\t<div class=\"elementor-element elementor-element-f0ae3b1 e-flex e-con-boxed e-con e-parent\" data-id=\"f0ae3b1\" data-element_type=\"container\">\n\t\t\t\t\t<div class=\"e-con-inner\">\n\t\t\t\t<div class=\"elementor-element elementor-element-b45f5eb elementor-widget elementor-widget-text-editor\" data-id=\"b45f5eb\" data-element_type=\"widget\" data-widget_type=\"text-editor.default\">\n\t\t\t\t\t\t\t\t\t<h3 style=\"font-size: 1.5rem;\">\nYoshikawa mang tinh th\u1ea7n g\u00ecn gi\u1eef nh\u1eefng truy\u1ec1n th\u1ed1ng \u0111\u00e3 vun \u0111\u1eafp qua nhi\u1ec1u n\u0103m, nh\u01b0ng c\u0169ng m\u1ea1nh d\u1ea1n \u0111\u00f3n nh\u1eadn nh\u1eefng th\u00e1ch th\u1ee9c tr\u00ean con \u0111\u01b0\u1eddng ki\u1ebfn t\u1ea1o m\u1ed9t t\u01b0\u01a1ng lai m\u1edbi.<br \/><br \/>\n\u0110i\u1ec1u \u0111\u00f3 \u0111\u1ed3ng ngh\u0129a v\u1edbi vi\u1ec7c ch\u00fang t\u00f4i \u0111ang b\u01b0\u1edbc v\u00e0o giai \u0111o\u1ea1n \u201ckhai s\u00e1ng l\u1ea7n th\u1ee9 hai\u201d, t\u00ecm ki\u1ebfm nh\u1eefng d\u1ef1 \u00e1n v\u00e0 c\u01a1 h\u1ed9i m\u1edbi, \u0111\u1ed3ng th\u1eddi ti\u1ebfp t\u1ee5c ph\u00e1t tri\u1ec3n v\u1eefng ch\u1eafc c\u00e1c l\u0129nh v\u1ef1c kinh doanh hi\u1ec7n t\u1ea1i.<br \/><br \/>\nCh\u00fang t\u00f4i r\u1ea5t h\u00e2n h\u1ea1nh ch\u00e0o \u0111\u00f3n nh\u1eefng \u0111\u1ed1i t\u00e1c \u2014 c\u1ea3 c\u00e1 nh\u00e2n l\u1eabn doanh nghi\u1ec7p \u2014 s\u1eb5n s\u00e0ng c\u00f9ng \u0111\u1ed3ng h\u00e0nh ph\u00e1t tri\u1ec3n, khai ph\u00e1 nh\u1eefng ch\u00e2n tr\u1eddi m\u1edbi, chia s\u1ebb c\u1ea3 th\u00e1ch th\u1ee9c l\u1eabn th\u00e0nh c\u00f4ng \u0111ang ch\u1edd \u0111\u1ee3i \u1edf t\u01b0\u01a1ng lai.\n<\/h3>\n<p><!-- \/wp:paragraph --><\/p>\n<p><!-- \/wp:paragraph --><\/p>\n<p><!-- \/wp:paragraph --><\/p>\n<h3><!-- \/wp:paragraph --><\/h3>\n\t\t\t\t\t\t\t\t<\/div>\n\t\t\t\t\t<\/div>\n\t\t\t\t<\/div>\n\t\t<div class=\"elementor-element elementor-element-d42e7ae e-flex e-con-boxed e-con e-parent\" data-id=\"d42e7ae\" data-element_type=\"container\">\n\t\t\t\t\t<div class=\"e-con-inner\">\n\t\t<div class=\"elementor-element elementor-element-4da0aa7 e-con-full e-flex e-con e-child\" data-id=\"4da0aa7\" data-element_type=\"container\">\n\t\t\t\t<\/div>\n\t\t<div class=\"elementor-element elementor-element-70ea37d e-con-full e-flex e-con e-child\" data-id=\"70ea37d\" data-element_type=\"container\">\n\t\t<div class=\"elementor-element elementor-element-24ee203 e-con-full e-flex e-con e-child\" data-id=\"24ee203\" data-element_type=\"container\">\n\t\t\t\t<div class=\"elementor-element elementor-element-d6fd3d3 elementor-widget__width-initial elementor-widget elementor-widget-image\" data-id=\"d6fd3d3\" data-element_type=\"widget\" data-widget_type=\"image.default\">\n\t\t\t\t\t\t\t\t\t\t\t\t\t\t\t<img decoding=\"async\" width=\"1024\" height=\"1024\" src=\"https:\/\/kobeyoshi.com\/wp-content\/uploads\/2025\/09\/\u30b5\u30a4\u30f3\u80cc\u666f\u629c\u304d-1.png\" class=\"attachment-full size-full wp-image-396\" alt=\"\" srcset=\"https:\/\/kobeyoshi.com\/wp-content\/uploads\/2025\/09\/\u30b5\u30a4\u30f3\u80cc\u666f\u629c\u304d-1.png 1024w, https:\/\/kobeyoshi.com\/wp-content\/uploads\/2025\/09\/\u30b5\u30a4\u30f3\u80cc\u666f\u629c\u304d-1-300x300.png 300w, https:\/\/kobeyoshi.com\/wp-content\/uploads\/2025\/09\/\u30b5\u30a4\u30f3\u80cc\u666f\u629c\u304d-1-150x150.png 150w, https:\/\/kobeyoshi.com\/wp-content\/uploads\/2025\/09\/\u30b5\u30a4\u30f3\u80cc\u666f\u629c\u304d-1-768x768.png 768w, https:\/\/kobeyoshi.com\/wp-content\/uploads\/2025\/09\/\u30b5\u30a4\u30f3\u80cc\u666f\u629c\u304d-1-640x640.png 640w, https:\/\/kobeyoshi.com\/wp-content\/uploads\/2025\/09\/\u30b5\u30a4\u30f3\u80cc\u666f\u629c\u304d-1-666x666.png 666w, https:\/\/kobeyoshi.com\/wp-content\/uploads\/2025\/09\/\u30b5\u30a4\u30f3\u80cc\u666f\u629c\u304d-1-50x50.png 50w\" sizes=\"100vw\" \/>\t\t\t\t\t\t\t\t\t\t\t\t\t\t\t<\/div>\n\t\t\t\t<div class=\"elementor-element elementor-element-924b851 elementor-widget__width-initial elementor-widget elementor-widget-text-editor\" data-id=\"924b851\" data-element_type=\"widget\" data-widget_type=\"text-editor.default\">\n\t\t\t\t\t\t\t\t\t<h6 style=\"text-align: center;\"><span style=\"font-size: 1.125rem; color: #000000;\">C\u00f4ng ty TNHH YOSHIKAWA<br \/><\/span><span style=\"font-size: 1.125rem; color: #000000;\">Ch\u1ee7 t\u1ecbch RYUSUKE NAGI<\/span><\/h6>\t\t\t\t\t\t\t\t<\/div>\n\t\t\t\t<\/div>\n\t\t\t\t<\/div>\n\t\t\t\t\t<\/div>\n\t\t\t\t<\/div>\n\t\t\t\t<\/div>\n\t\t","protected":false},"excerpt":{"rendered":"<p>Th\u00f4ng \u0111i\u1ec7p ch\u1ee7 t\u1ecbch Yoshikawa mang tinh th\u1ea7n g\u00ecn gi\u1eef nh\u1eefng truy\u1ec1n th\u1ed1ng \u0111\u00e3 vun \u0111\u1eafp qua nhi\u1ec1u n\u0103m, nh\u01b0ng c\u0169ng m\u1ea1nh d\u1ea1n \u0111\u00f3n nh\u1ead &hellip; <a href=\"https:\/\/kobeyoshi.com\/?page_id=417&#038;lang=vi\" class=\"more-link\"><span class=\"more-button\">\u7d9a\u304d\u3092\u8aad\u3080 &gt;<span class=\"screen-reader-text\">Th\u00f4ng \u0111i\u1ec7p ch\u1ee7 t\u1ecbch<\/span><\/span><\/a><\/p>\n","protected":false},"author":1,"featured_media":0,"parent":0,"menu_order":0,"comment_status":"closed","ping_status":"closed","template":"","meta":{"footnotes":""},"class_list":["post-417","page","type-page","status-publish","hentry"],"_links":{"self":[{"href":"https:\/\/kobeyoshi.com\/index.php?rest_route=\/wp\/v2\/pages\/417","targetHints":{"allow":["GET"]}}],"collection":[{"href":"https:\/\/kobeyoshi.com\/index.php?rest_route=\/wp\/v2\/pages"}],"about":[{"href":"https:\/\/kobeyoshi.com\/index.php?rest_route=\/wp\/v2\/types\/page"}],"author":[{"embeddable":true,"href":"https:\/\/kobeyoshi.com\/index.php?rest_route=\/wp\/v2\/users\/1"}],"replies":[{"embeddable":true,"href":"https:\/\/kobeyoshi.com\/index.php?rest_route=%2Fwp%2Fv2%2Fcomments&post=417"}],"version-history":[{"count":25,"href":"https:\/\/kobeyoshi.com\/index.php?rest_route=\/wp\/v2\/pages\/417\/revisions"}],"predecessor-version":[{"id":449,"href":"https:\/\/kobeyoshi.com\/index.php?rest_route=\/wp\/v2\/pages\/417\/revisions\/449"}],"wp:attachment":[{"href":"https:\/\/kobeyoshi.com\/index.php?rest_route=%2Fwp%2Fv2%2Fmedia&parent=417"}],"curies":[{"name":"wp","href":"https:\/\/api.w.org\/{rel}","templated":true}]}}