{"id":290,"date":"2025-09-11T13:16:40","date_gmt":"2025-09-11T04:16:40","guid":{"rendered":"https:\/\/kobeyoshi.com\/?page_id=290"},"modified":"2025-09-11T13:16:40","modified_gmt":"2025-09-11T04:16:40","slug":"gioi-thieu-cong-ty-%e3%83%bb-huong-dan-duong-di-%e3%83%bb-lien-he","status":"publish","type":"page","link":"https:\/\/kobeyoshi.com\/?page_id=290&lang=vi","title":{"rendered":"Gi\u1edbi thi\u1ec7u c\u00f4ng ty \u30fb H\u01b0\u1edbng d\u1eabn \u0111\u01b0\u1eddng \u0111i \u30fb Li\u00ean h\u1ec7"},"content":{"rendered":"\n<h3 class=\"wp-block-heading has-white-color has-midnight-gradient-background has-text-color has-background has-link-color wp-elements-dcad35cf371417fea32761e5e9470d68\">Gi\u1edbi thi\u1ec7u c\u00f4ng ty<\/h3>\n\n\n\n<figure class=\"wp-block-image size-large is-style-default\"><img fetchpriority=\"high\" decoding=\"async\" width=\"1024\" height=\"576\" src=\"https:\/\/kobeyoshi.com\/wp-content\/uploads\/2025\/09\/HP\u7528\u682a\u5f0f\u4f1a\u793e-\u5409\u5ddd-\u4f1a\u793e\u6848\u5185\u8cc7\u6599-1024x576.png\" alt=\"\" class=\"wp-image-242\" srcset=\"https:\/\/kobeyoshi.com\/wp-content\/uploads\/2025\/09\/HP\u7528\u682a\u5f0f\u4f1a\u793e-\u5409\u5ddd-\u4f1a\u793e\u6848\u5185\u8cc7\u6599-1024x576.png 1024w, https:\/\/kobeyoshi.com\/wp-content\/uploads\/2025\/09\/HP\u7528\u682a\u5f0f\u4f1a\u793e-\u5409\u5ddd-\u4f1a\u793e\u6848\u5185\u8cc7\u6599-300x169.png 300w, https:\/\/kobeyoshi.com\/wp-content\/uploads\/2025\/09\/HP\u7528\u682a\u5f0f\u4f1a\u793e-\u5409\u5ddd-\u4f1a\u793e\u6848\u5185\u8cc7\u6599-768x432.png 768w, https:\/\/kobeyoshi.com\/wp-content\/uploads\/2025\/09\/HP\u7528\u682a\u5f0f\u4f1a\u793e-\u5409\u5ddd-\u4f1a\u793e\u6848\u5185\u8cc7\u6599-1536x864.png 1536w, https:\/\/kobeyoshi.com\/wp-content\/uploads\/2025\/09\/HP\u7528\u682a\u5f0f\u4f1a\u793e-\u5409\u5ddd-\u4f1a\u793e\u6848\u5185\u8cc7\u6599.png 1920w\" sizes=\"(max-width: 799px) 94vw, (max-width: 1023px) 67vw, (max-width: 1365px) 62vw, 1037\" \/><\/figure>\n\n\n\n<figure class=\"wp-block-table is-style-stripes\"><table class=\"has-fixed-layout\"><tbody><tr><td>T\u00ean c\u00f4ng ty<\/td><td>C\u00f4ng ty TNHH Yoshikawa<\/td><\/tr><tr><td>Th\u00e0nh l\u1eadp<\/td><td>1972\/07\/20<br>\uff08T\u00ean c\u0169 Yoshikawa Koudenki)<\/td><\/tr><tr><td>V\u1ed1n \u0111i\u1ec1u l\u1ec7<\/td><td>10.000.000 y\u00ean Nh\u1eadt<\/td><\/tr><tr><td>\u0110\u1ecba ch\u1ec9<\/td><td>652-0835<br>Nishinakamachi, Hyogo-ku, Kobe-shi, Hyogo, Japan<br>TEL:078-681-3421<\/td><\/tr><tr><td>Ch\u1ee7 t\u1ecbch<\/td><td>Ryusuke Nagi<\/td><\/tr><tr><td>Ho\u1ea1t \u0111\u1ed9ng kinh doanh<\/td><td>\u30fbBu\u00f4n b\u00e1n thi\u1ebft b\u1ecb, v\u1eadt t\u01b0 h\u00e0ng h\u1ea3i<br>\u30fbH\u1ed7 tr\u1ee3 nghi\u1ec7p v\u1ee5 Xu\u1ea5t nh\u1eadp kh\u1ea9u<br>\u30fbH\u1ed7 tr\u1ee3 m\u1edf r\u1ed9ng ho\u1ea1t \u0111\u1ed9ng kinh doanh n\u01b0\u1edbc ngo\u00e0i<br>\u30fbC\u00e1c ho\u1ea1t \u0111\u1ed9ng kh\u00e1c<\/td><\/tr><\/tbody><\/table><\/figure>\n\n\n\n<h3 class=\"wp-block-heading has-white-color has-midnight-gradient-background has-text-color has-background has-link-color wp-elements-9e97846b8848527698842f69bab9c2c5\">V\u1ecb tr\u00ed<\/h3>\n\n\n\n<iframe src=\"https:\/\/www.google.com\/maps\/embed?pb=!1m18!1m12!1m3!1d3281.444000775762!2d135.1702901773093!3d34.6687419729309!2m3!1f0!2f0!3f0!3m2!1i1024!2i768!4f13.1!3m3!1m2!1s0x60008fa47577585f%3A0x62e72cd6a05536c1!2z44CSNjUyLTA4MzUg5YW15bqr55yM56We5oi45biC5YW15bqr5Yy66KW_5Luy55S677yR4oiS77yS77yR!5e0!3m2!1sja!2sjp!4v1745744364064!5m2!1sja!2sjp\" width=\"600\" height=\"450\" style=\"border:0;\" allowfullscreen=\"\" loading=\"lazy\" referrerpolicy=\"no-referrer-when-downgrade\"><\/iframe>\n\n\n\n<p><\/p>\n\n\n\n<h3 class=\"wp-block-heading has-white-color has-midnight-gradient-background has-text-color has-background has-link-color wp-elements-e12d6eb536b5729d3cb5cd6441835213\"><strong>Li\u00ean h\u1ec7<\/strong><\/h3>\n\n\n\n<div class=\"wp-block-group\"><div class=\"wp-block-group__inner-container is-layout-constrained wp-block-group-is-layout-constrained\">\n<p>Li\u00ean h\u1ec7 v\u1edbi ch\u00fang t\u00f4i<\/p>\n\n\n\n<ul class=\"wp-block-social-links aligncenter is-style-default is-layout-flex wp-block-social-links-is-layout-flex\">\n\n\n\n<\/ul>\n\n\n\n<div class=\"wp-block-group\"><div class=\"wp-block-group__inner-container is-layout-constrained wp-block-group-is-layout-constrained\">\n<div class=\"wp-block-group\"><div class=\"wp-block-group__inner-container is-layout-constrained wp-block-group-is-layout-constrained\">\n<p>Li\u00ean h\u1ec7<\/p>\n<\/div><\/div>\n\n\n<style id=\"wpforms-css-vars-173-block-2fb9387a-cb74-473c-ba7f-b2c7150d7445\">\n\t\t\t\t#wpforms-173.wpforms-block-2fb9387a-cb74-473c-ba7f-b2c7150d7445 {\n\t\t\t\t--wpforms-field-size-input-height: 43px;\n--wpforms-field-size-input-spacing: 15px;\n--wpforms-field-size-font-size: 16px;\n--wpforms-field-size-line-height: 19px;\n--wpforms-field-size-padding-h: 14px;\n--wpforms-field-size-checkbox-size: 16px;\n--wpforms-field-size-sublabel-spacing: 5px;\n--wpforms-field-size-icon-size: 1;\n--wpforms-label-size-font-size: 16px;\n--wpforms-label-size-line-height: 19px;\n--wpforms-label-size-sublabel-font-size: 14px;\n--wpforms-label-size-sublabel-line-height: 17px;\n--wpforms-button-size-font-size: 17px;\n--wpforms-button-size-height: 41px;\n--wpforms-button-size-padding-h: 15px;\n--wpforms-button-size-margin-top: 10px;\n\n\t\t\t}\n\t\t\t<\/style><div class=\"wpforms-container wpforms-container-full wpforms-block wpforms-block-2fb9387a-cb74-473c-ba7f-b2c7150d7445 wpforms-render-modern\" id=\"wpforms-173\"><form id=\"wpforms-form-173\" class=\"wpforms-validate wpforms-form wpforms-ajax-form\" data-formid=\"173\" method=\"post\" enctype=\"multipart\/form-data\" action=\"\/index.php?rest_route=%2Fwp%2Fv2%2Fpages%2F290\" data-token=\"598ebcb12165ab022ebb752cd93783a6\" data-token-time=\"1776280510\"><noscript class=\"wpforms-error-noscript\">\u3053\u306e\u30d5\u30a9\u30fc\u30e0\u306b\u5165\u529b\u3059\u308b\u306b\u306f\u3001\u30d6\u30e9\u30a6\u30b6\u30fc\u3067 JavaScript \u3092\u6709\u52b9\u306b\u3057\u3066\u304f\u3060\u3055\u3044\u3002<\/noscript><div id=\"wpforms-error-noscript\" style=\"display: none;\">\u3053\u306e\u30d5\u30a9\u30fc\u30e0\u306b\u5165\u529b\u3059\u308b\u306b\u306f\u3001\u30d6\u30e9\u30a6\u30b6\u30fc\u3067 JavaScript \u3092\u6709\u52b9\u306b\u3057\u3066\u304f\u3060\u3055\u3044\u3002<\/div><div class=\"wpforms-field-container\"><div id=\"wpforms-173-field_1-container\" class=\"wpforms-field wpforms-field-name\" data-field-id=\"1\"><label class=\"wpforms-field-label\" for=\"wpforms-173-field_1\">\u540d\u524d-Name <span class=\"wpforms-required-label\" aria-hidden=\"true\">*<\/span><\/label><input type=\"text\" id=\"wpforms-173-field_1\" class=\"wpforms-field-medium wpforms-field-required\" name=\"wpforms[fields][1]\" aria-errormessage=\"wpforms-173-field_1-error\" required><\/div><div id=\"wpforms-173-field_2-container\" class=\"wpforms-field wpforms-field-email\" data-field-id=\"2\"><label class=\"wpforms-field-label\" for=\"wpforms-173-field_2\">\u30e1\u30fc\u30eb\u30a2\u30c9\u30ec\u30b9-Mail Address <span class=\"wpforms-required-label\" aria-hidden=\"true\">*<\/span><\/label><input type=\"email\" id=\"wpforms-173-field_2\" class=\"wpforms-field-medium wpforms-field-required\" name=\"wpforms[fields][2]\" spellcheck=\"false\" aria-errormessage=\"wpforms-173-field_2-error\" required><\/div>\t\t<div id=\"wpforms-173-field_4-container\"\n\t\t\tclass=\"wpforms-field wpforms-field-text\"\n\t\t\tdata-field-type=\"text\"\n\t\t\tdata-field-id=\"4\"\n\t\t\t>\n\t\t\t<label class=\"wpforms-field-label\" for=\"wpforms-173-field_4\" >Address Details \u30e1\u30fc\u30eb\u30a2\u30c9\u30ec\u30b9-Mail<\/label>\n\t\t\t<input type=\"text\" id=\"wpforms-173-field_4\" class=\"wpforms-field-medium\" name=\"wpforms[fields][4]\" >\n\t\t<\/div>\n\t\t<div id=\"wpforms-173-field_3-container\" class=\"wpforms-field wpforms-field-textarea\" data-field-id=\"3\"><label class=\"wpforms-field-label\" for=\"wpforms-173-field_3\">\u304a\u554f\u3044\u5408\u308f\u305b\u5185\u5bb9-Inquiry Details<\/label><textarea id=\"wpforms-173-field_3\" class=\"wpforms-field-medium\" name=\"wpforms[fields][3]\" aria-errormessage=\"wpforms-173-field_3-error\" ><\/textarea><\/div><script>\n\t\t\t\t( function() {\n\t\t\t\t\tconst style = document.createElement( 'style' );\n\t\t\t\t\tstyle.appendChild( document.createTextNode( '#wpforms-173-field_4-container { position: absolute !important; overflow: hidden !important; display: inline !important; height: 1px !important; width: 1px !important; z-index: -1000 !important; padding: 0 !important; } #wpforms-173-field_4-container input { visibility: hidden; } #wpforms-conversational-form-page #wpforms-173-field_4-container label { counter-increment: none; }' ) );\n\t\t\t\t\tdocument.head.appendChild( style );\n\t\t\t\t\tdocument.currentScript?.remove();\n\t\t\t\t} )();\n\t\t\t<\/script><\/div><!-- .wpforms-field-container --><div class=\"wpforms-submit-container\" ><input type=\"hidden\" name=\"wpforms[id]\" value=\"173\"><input type=\"hidden\" name=\"page_title\" value=\"\"><input type=\"hidden\" name=\"page_url\" value=\"https:\/\/kobeyoshi.com\/index.php?rest_route=\/wp\/v2\/pages\/290\"><input type=\"hidden\" name=\"url_referer\" value=\"\"><button type=\"submit\" name=\"wpforms[submit]\" id=\"wpforms-submit-173\" class=\"wpforms-submit\" data-alt-text=\"\u9001\u4fe1\u4e2d\u2026Sending Now\" data-submit-text=\"\u9001\u4fe1-Send\" aria-live=\"assertive\" value=\"wpforms-submit\">\u9001\u4fe1-Send<\/button><img decoding=\"async\" src=\"https:\/\/kobeyoshi.com\/wp-content\/plugins\/wpforms-lite\/assets\/images\/submit-spin.svg\" class=\"wpforms-submit-spinner\" style=\"display: none;\" width=\"26\" height=\"26\" alt=\"\u8aad\u307f\u8fbc\u307f\u4e2d\"><\/div><\/form><\/div>  <!-- .wpforms-container --><\/div><\/div>\n<\/div><\/div>\n","protected":false},"excerpt":{"rendered":"<p>Gi\u1edbi thi\u1ec7u c\u00f4ng ty T\u00ean c\u00f4ng ty C\u00f4ng ty TNHH Yoshikawa Th\u00e0nh l\u1eadp 1972\/07\/20\uff08T\u00ean c\u0169 Yoshikawa Koudenki) V\u1ed1n \u0111i\u1ec1u l\u1ec7 10.000.000  &hellip; <a href=\"https:\/\/kobeyoshi.com\/?page_id=290&#038;lang=vi\" class=\"more-link\"><span class=\"more-button\">\u7d9a\u304d\u3092\u8aad\u3080 &gt;<span class=\"screen-reader-text\">Gi\u1edbi thi\u1ec7u c\u00f4ng ty \u30fb H\u01b0\u1edbng d\u1eabn \u0111\u01b0\u1eddng \u0111i \u30fb Li\u00ean h\u1ec7<\/span><\/span><\/a><\/p>\n","protected":false},"author":1,"featured_media":242,"parent":0,"menu_order":97,"comment_status":"closed","ping_status":"closed","template":"","meta":{"footnotes":""},"class_list":["post-290","page","type-page","status-publish","has-post-thumbnail","hentry"],"_links":{"self":[{"href":"https:\/\/kobeyoshi.com\/index.php?rest_route=\/wp\/v2\/pages\/290","targetHints":{"allow":["GET"]}}],"collection":[{"href":"https:\/\/kobeyoshi.com\/index.php?rest_route=\/wp\/v2\/pages"}],"about":[{"href":"https:\/\/kobeyoshi.com\/index.php?rest_route=\/wp\/v2\/types\/page"}],"author":[{"embeddable":true,"href":"https:\/\/kobeyoshi.com\/index.php?rest_route=\/wp\/v2\/users\/1"}],"replies":[{"embeddable":true,"href":"https:\/\/kobeyoshi.com\/index.php?rest_route=%2Fwp%2Fv2%2Fcomments&post=290"}],"version-history":[{"count":2,"href":"https:\/\/kobeyoshi.com\/index.php?rest_route=\/wp\/v2\/pages\/290\/revisions"}],"predecessor-version":[{"id":298,"href":"https:\/\/kobeyoshi.com\/index.php?rest_route=\/wp\/v2\/pages\/290\/revisions\/298"}],"wp:featuredmedia":[{"embeddable":true,"href":"https:\/\/kobeyoshi.com\/index.php?rest_route=\/wp\/v2\/media\/242"}],"wp:attachment":[{"href":"https:\/\/kobeyoshi.com\/index.php?rest_route=%2Fwp%2Fv2%2Fmedia&parent=290"}],"curies":[{"name":"wp","href":"https:\/\/api.w.org\/{rel}","templated":true}]}}